housands digit of 68456?
8
What is the thousands digit of 741864?
1
What is the hundreds digit of 1072606?
6
What is the millions digit of 4468263?
4
What is the tens digit of 787056?
5
What is the hundred thousands digit of 200835?
2
What is the units digit of 114188?
8
What is the hundred thousands digit of 694488?
6
What is the tens digit of 2413946?
4
What is the tens digit of 3557314?
1
What is the tens digit of 578855?
5
What is the tens digit of 973865?
6
What is the thousands digit of 780107?
0
What is the millions digit of 7470054?
7
What is the millions digit of 2367631?
2
What is the hundreds digit of 42615?
6
What is the units digit of 312908?
8
What is the hundreds digit of 3844411?
4
What is the millions digit of 5061011?
5
What is the millions digit of 6166492?
6
What is the ten thousands digit of 48294?
4
What is the hundred thousands digit of 3290738?
2
What is the units digit of 3015348?
8
What is the tens digit of 3155926?
2
What is the thousands digit of 235891?
5
What is the ten thousands digit of 1935377?
3
What is the units digit of 255758?
8
What is the units digit of 7468462?
2
What is the ten thousands digit of 16559952?
5
What is the tens digit of 12021251?
5
What is the tens digit of 1911598?
9
What is the hundred thousands digit of 21843569?
8
What is the millions digit of 7235114?
7
What is the hundred thousands digit of 331613?
3
What is the units digit of 672357?
7
What is the hundred thousands digit of 184825?
1
What is the units digit of 518028?
8
What is the thousands digit of 18794079?
4
What is the tens digit of 260249?
4
What is the hundred thousands digit of 1655393?
6
What is the millions digit of 1119441?
1
What is the tens digit of 6775887?
8
What is the units digit of 67192?
2
What is the hundreds digit of 11568041?
0
What is the tens digit of 3587078?
7
What is the units digit of 69026?
6
What is the tens digit of 2191723?
2
What is the thousands digit of 363626?
3
What is the hundred thousands digit of 111521?
1
What is the ten thousands digit of 1449280?
4
What is the thousands digit of 293219?
3
What is the hundreds digit of 1999804?
8
What is the thousands digit of 6545654?
5
What is the units digit of 1136358?
8
What is the hundreds digit of 479442?
4
What is the millions digit of 14095530?
4
What is the ten thousands digit of 236819?
3
What is the ten thousands digit of 7165963?
6
What is the thousands digit of 416628?
6
What is the thousands digit of 416355?
6
What is the ten thousands digit of 265724?
6
What is the hundreds digit of 3337198?
1
What is the millions digit of 8014930?
8
What is the hundred thousands digit of 536150?
5
What is the ten thousands digit of 1006727?
0
What is the tens digit of 16723167?
6
What is the millions digit of 18632559?
8
What is the thousands digit of 429548?
9
What is the thousands digit of 1097983?
7
What is the thousands digit of 8728493?
8
What is the ten thousands digit of 5584734?
8
What is the hundred thousands digit of 279039?
2
What is the thousands digit of 123622?
3
What is the millions digit of 14802694?
4
What is the tens digit of 1084562?
6
What is the hundreds digit of 26177802?
8
What is the ten thousands digit of 29349?
2
What is the tens digit of 34279752?
5
What is the thousands digit of 18346908?
6
What is the hundred thousands digit of 1836744?
8
What is the thousands digit of 12289215?
9
What is the tens digit of 5733095?
9
What is the hundred thousands digit of 1796962?
7
What is the tens digit of 7592479?
7
What is the tens digit of 4395674?
7
What is the ten thousands digit of 303503?
0
What is the ten thousands digit of 7423881?
2
What is the hundred thousands digit of 1111772?
1
What is the hundred thousands digit of 108756?
1
What is the hundred thousands digit of 2353581?
3
What is the tens digit of 2719350?
5
What is the thousands digit of 645077?
5
What is the ten millions digit of 11505343?
1
What is the tens digit of 124938?
3
What is the ten thousands digit of 2130169?
3
What is the hundred thousands digit of 1962539?
9
What is the ten millions digit of 29421218?
2
What is the ten thousands digit of 684853?
8
What is the units digit of 522007?
7
What is the millions digit of 7943618?
7
What is the thousands digit of 1589841?
9
What is the hundred thousands digit of 13671789?
6
What is the tens digit of 19518?
1
What is the hundreds digit of 195790?
7
What is the millions digit of 3958790?
3
What is the tens digit of 2534551?
5
What is the thousands digit of 188816?
8
What is the ten thousands digit of 4661906?
6
What is the thousands digit of 1387230?
7
What is the hundreds digit of 339834?
8
What is the ten thousands digit of 943540?
4
What is the units digit of 375577?
7
What is the ten thousands digit of 5057735?
5
What is the millions digit of 13610078?
3
What is the units digit of 16266992?
2
What is the millions digit of 2408971?
2
What is the ten thousands digit of 328129?
2
What is the millions digit of 1523812?
1
What is the thousands digit of 3346249?
6
What is the units digit of 265362?
2
What is the ten thousands digit of 552365?
5
What is the ten millions digit of 13478448?
1
What is the hundred thousands digit of 502953?
5
What is the millions digit of 25798079?
5
What is the thousands digit of 348721?
8
What is the ten millions digit of 12481544?
1
What is the ten thousands digit of 4164843?
6
What is the ten thousands digit of 44420?
4
What is the hundred thousands digit of 277314?
2
What is the hundred thousands digit of 4621579?
6
What is the hundred thousands digit of 338546?
3
What is the ten thousands digit of 869017?
6
What is the tens digit of 4959964?
6
What is the ten thousands digit of 433376?
3
What is the thousands digit of 665003?
5
What is the thousands digit of 113497?
3
What is the thousands digit of 70956?
0
What is the tens digit of 182132?
3
What is the hundred thousands digit of 365065?
3
What is the tens digit of 48775?
7
What is the millions digit of 29393207?
9
What is the hundred thousands digit of 29534023?
5
What is the thousands digit of 3745171?
5
What is the thousands digit of 59595?
9
What is the ten thousands digit of 1252415?
5
What is the millions digit of 5331123?
5
What is the hundreds digit of 23425534?
5
What is the thousands digit of 676019?
6
What is the thousands digit of 276342?
6
What is the hundreds digit of 2711445?
4
What is the hundred thousands digit of 2217318?
2
What is the millions digit of 4629582?
4
What is the ten millions digit of 18555855?
1
What is the millions digit of 3566685?
3
What is the hundred thousands digit of 228723?
2
What is the hundreds digit of 611232?
2
What is the hundreds digit of 27395978?
9
What is the ten thousands digit of 4987818?
8
What is the units digit of 47283?
3
What is the units digit of 2149337?
7
What is the tens digit of 104375?
7
What is the hundreds digit of 8264455?
4
What is the ten thousands digit of 143499?
4
What is the thousands digit of 7321955?
1
What is the thousands digit of 9117615?
7
What is the thousands digit of 215956?
5
What is the hundreds digit of 752797?
7
What is the hundreds digit of 382764?
7
What is the hundreds digit of 2596?
5
What is the units digit of 780510?
0
What is the tens digit of 346706?
0
What is the hundreds digit of 2028101?
1
What is the hundreds digit of 177784?
7
What is the tens digit of 5138889?
8
What is the ten thousands digit of 186168?
8
What is the ten thousands digit of 171159?
7
What is the units digit of 62246?
6
What is the hundred thousands digit of 2254095?
2
What is the tens digit of 1415?
1
What is the thousands digit of 7601813?
1
What is the tens digit of 267823?
2
What is the tens digit of 7446594?
9
What is the thousands digit of 16330140?
0
What is the hundred thousands digit of 404838?
4
What is the units digit of 1581673?
3
What is the thousands digit of 13849925?
9
What is the hundreds digit of 30956466?
4
What is the ten millions digit of 34324040?
3
What is the units digit of 976748?
8
What is the units digit of 226662?
2
What is the hundreds digit of 12027495?
4
What is the units digit of 18639317?
7
What is the tens digit of 6916628?
2
What is the tens digit of 41665040?
4
What is the units digit of 40033?
3
What is the thousands digit of 502416?
2
W